2?
2, 61
Let q(y) = 3*y**2 + 6*y + 4. Let a = 32 - 26. Suppose 3 = a*d + 33. What are the prime factors of q(d)?
7
Suppose 0 = -5*o + 3*t + 1781, 3*o - 1069 = 4*t - 2*t. Let y = 586 - o. What are the prime factors of y?
3, 7, 11
Let f be (-123 - -117)/((-3)/143). Suppose 66 = s + 4*x, 5*s - 2*x = 2*x + 402. Let m = f - s. What are the prime factors of m?
2, 13
Suppose 0 = 3*v - 3*o - 6, -7*o + 4*o = 3*v + 12. What are the prime factors of v + 325 - 4/(-1 - 3)?
5, 13
Let m(s) = 3*s - 20. Let u be m(5). Let z = u - 5. Let r = z - -47. What are the prime factors of r?
37
List the prime factors of ((-80)/(-48))/(5/(-14))*-4152.
2, 7, 173
Suppose 3*y - 2113 = y - 3*p, 4217 = 4*y + 3*p. Let i = y + -650. Suppose 3*s - 4*l = -0*s + i, l + 411 = 3*s. What are the prime factors of s?
2, 3, 23
Suppose -55*i = -7*i - 954240. List the prime factors of i.
2, 5, 7, 71
What are the prime factors of 302908/42 + (7596/(-378) - -20)?
2, 3, 601
Suppose 4*o + 8 + 28 = 0. Let w be ((-3210)/o)/(1 + 3/(-9)). Suppose -5*i + 0*i = -w. List the prime factors of i.
107
Let p be 42*(16 + -5 - 2). Let i(z) = -z**3 - 6*z**2 - z + 4. Let m be i(-6). Suppose -m*v = -v - p. List the prime factors of v.
2, 3, 7
Suppose -450 = 3*b - 4*x, 161 = -b + 5*x - 0*x. Suppose -5*g - 91 = -2276. Let a = g + b. What are the prime factors of a?
3, 97
Let n be (-44)/8 - 3/6. Let j(p) = -p**3 - 5*p**2 + 5*p + 1. Let t be j(n). Suppose t*s - 164 = -45. What are the prime factors of s?
17
Let u(b) = b**2 + b + 10. Let o be u(9). Let j = 108 - o. Let r(p) = 2*p**2 + 13*p + 6. What are the prime factors of r(j)?
2, 7, 17
Let d be (-4)/10 + (-322714)/(-185). Suppose -4372 = -5*x + r, 2*x - 27*r + 29*r - d = 0. What are the prime factors of x?
2, 19, 23
Let d(n) = 199*n + 2564. What are the prime factors of d(51)?
12713
What are the prime factors of 3/((-9)/(-4168))*2457/126?
2, 13, 521
Suppose -9088 = -6*v + 2222. Suppose -3*y + 0*q - 2*q = -v, -2*y + q = -1252. List the prime factors of y.
3, 11, 19
Let k = 10136 - 1313. List the prime factors of k.
3, 17, 173
Suppose 0 = 2*t - 93 + 141. List the prime factors of ((-1170)/t)/(-13)*-24.
2, 3, 5
Let p = -5725 - -8227. List the prime factors of p.
2, 3, 139
What are the prime factors of (15 - (-5061947)/(-141))*(-6)/8?
2, 13457
Let d(w) = 2*w**2 - 2*w + 2. Let j be d(1). Let f(m) = -2*m**2 + 15*m + 29 - 7 - 4*m**2 + 7*m**j. List the prime factors of f(-15).
2, 11
Suppose 4*c - 30*z = -32*z - 2942, c - 2*z + 738 = 0. Let j = c + 1457. List the prime factors of j.
7, 103
Let y = 57 + 384. Suppose 12*o + 57 = y. List the prime factors of o.
2
Let u(n) = 6*n + 1. Let j be u(0). What are the prime factors of ((-708)/(-9))/(1/6*j)?
2, 59
List the prime factors of (2/7)/((-685)/(-118546785)).
2, 3, 41, 67
Suppose -2*n - 2*q + 9316 = 0, n + 45*q - 40*q - 4666 = 0. Suppose 2*j + 3*p = 4*j - 2313, -4*j + n = 4*p. What are the prime factors of j?
3, 43
Suppose 4636 = t + m, 4*t - 7*m = -5*m + 18574. Suppose -z = -14*z + t. What are the prime factors of z?
3, 7, 17
Let x = 321 + -206. Suppose -4*d + k = -2*d - x, 0 = -2*d - 2*k + 112. Suppose d = 2*t - t. List the prime factors of t.
3, 19
Suppose 2086*d = 2082*d + 276. What are the prime factors of d?
3, 23
Let c(d) = 2*d + 9*d - d - 12*d + 10*d + 301. What are the prime factors of c(7)?
3, 7, 17
Let i(g) = 43*g + 5. Let s be i(6). Let n be (-11 - (0 + -7)) + 188. Let a = s - n. List the prime factors of a.
79
Let y be (4 - 15 - -1)*(-4)/10. Suppose 0 = y*d - s - 44, 40 = 5*d - s - 16. List the prime factors of (-160)/d*12/(-2).
2, 5
Suppose 0 = -9*k + 11*k - 2. What are the prime factors of (-3 - -9)*(46/4)/k?
3, 23
Let s be ((-5)/(-30))/((-4)/(-24)). Let l = -63 + 51. List the prime factors of l/48*(-164)/s.
41
Let n(u) = -u**3 + 2*u**2 + 7*u - 6. Let z be n(3). Suppose -z*x - 19 = 5. List the prime factors of (-74)/(-6)*(30/6 - x).
3, 37
Let g(t) be the second derivative of -19*t**3/3 - 56*t**2 + 302*t. What are the prime factors of g(-50)?
2, 3, 149
What are the prime factors of (-450)/100*(3 + (-1 - 1592))?
3, 5, 53
Suppose -3*i + 4*o - 2294 = 0, 0*o - 3842 = 5*i - 2*o. Let u = 1080 + i. What are the prime factors of u?
2, 5, 31
Suppose -i - i = -3*j - 16, -3*i + 5*j = -25. Suppose -5*a + i = -0*u + u, 0 = -5*a + 25. List the prime factors of u/(-140) - (-713)/7.
2, 3, 17
Let l(u) = -12*u - 6. Let y be l(-7). Let s = 84 - y. Suppose -3*k = -s*k + 210. List the prime factors of k.
2, 5, 7
Suppose -5*h - 3218 + 223 = 0. Let v = -257 - h. List the prime factors of v.
2, 3, 19
Let z be (2/5)/((160/(-750))/16). Let q(r) = -18*r - 47. List the prime factors of q(z).
17, 29
What are the prime factors of (38220/(-975))/(1/(-15))?
2, 3, 7
List the prime factors of ((-11)/(187/24106))/(168/87 + -2).
29, 709
Let t(a) = a**2 - 10*a + 25. Let k be t(6). List the prime factors of ((-3)/k)/((-2)/((-19168)/(-24))).
2, 599
Suppose 562188 + 400628 = 64*i. What are the prime factors of i?
2, 3761
Suppose 41*k - 28650 - 26331 = 0. Let s = k + -461. What are the prime factors of s?
2, 5, 11
Let l = -588 + 591. Suppose -l*z + 856 = 2*t, -10*z + 5*z - 3*t = -1427. List the prime factors of z.
2, 11, 13
Let b(x) = -21*x - 127. Suppose -5*j = 5*r + 65, 6*j - j + r = -61. What are the prime factors of b(j)?
5
Let l(r) = r**3 - 8*r**2 + 6*r + 2. Let y be l(2). List the prime factors of y/4 - -455*(-8)/(-16).
3, 5
List the prime factors of 6939 + 5*48/(-60).
5, 19, 73
Let l(x) = x**3 + 24*x**2 - 33*x + 53. Let n(m) = 2*m - 35. Let t be n(5). List the prime factors of l(t).
11, 23
Suppose 89*k + 65903 = 201984. What are the prime factors of k?
11, 139
Suppose -2*a + 3*u + 16290 = 0, 0*a = -a + 2*u + 8148. List the prime factors of a.
2, 3, 113
Let r be (2 + -17)/(6/(-4)). Suppose -4*w + 3*m = -757, -11*m + r*m - 3 = 0. What are the prime factors of w?
11, 17
Suppose 2*h = 9*g - 7*g - 900, -4*h - 1760 = 4*g. Let r = -5 - h. List the prime factors of r.
2, 5, 11
Let r be (-5)/25*(1 + 20794). Let i = -2791 - r. What are the prime factors of i?
2, 3, 19
Let l = -94748 + 161698. List the prime factors of l.
2, 5, 13, 103
Suppose 98*u - 7443155 = -137*u. List the prime factors of u.
19, 1667
Let p = -203 - -203. Suppose p = 6*z - 3*z - 1581. What are the prime factors of z?
17, 31
Let n be -8*((-5)/(-2) + -3). Let o(k) = -k**2 + 6*k - 4. Let y be o(n). Suppose y*m - 304 = -0*m. What are the prime factors of m?
2, 19
Let b(w) = 12*w**3 - 10*w**2 + 5*w + 4. Let a(v) = -26*v**3 + 21*v**2 - 9*v - 9. Let u(y) = 4*a(y) + 9*b(y). What are the prime factors of u(6)?
2, 3, 13
Suppose -42*t + 1980385 = 347971. What are the prime factors of t?
38867
Let r = -8341 + 20970. What are the prime factors of r?
73, 173
Suppose -351542 = -60*h - 92117 + 121935. List the prime factors of h.
2, 7, 227
List the prime factors of 1767*((-288)/27 + 13).
7, 19, 31
Suppose -3*v + 4*n = 8 + 3, -5*n + 10 = -5*v. Let p(c) = 42*c**3 + 2*c**2 + 5*c - 3. What are the prime factors of p(v)?
2, 3, 97
Suppose 0 = -4*s + 5*g + 37914, -4*s = 76*g - 79*g - 37926. List the prime factors of s.
2, 3, 17, 31
Let a(c) = -7*c + 53. Let h(g) = -g**2 + 4*g + 12. Let x be h(5). Let z be a(x). Let q(w) = 2*w**3 - 7*w**2 + 7*w - 5. What are the prime factors of q(z)?
3, 13
Let m = 16454 + -7753. List the prime factors of m.
7, 11, 113
Suppose 59*r = 6*r - 61*r + 7421058. What are the prime factors of r?
3, 2411
Suppose -35049 = -8*m + 13223. List the prime factors of m.
2, 7, 431
Let r(c) = 3*c**2 + 31*c + 12. Let i be r(-10). Suppose 5*a + 2*p - 693 = 0, -i*a + 19*p + 281 = 16*p. What are the prime factors of a?
139
Suppose 5*n = 3*v - 98434, 0 = 1078*v - 1077*v + 4*n - 32766. What are the prime factors of v?
2, 23, 31
Suppose 29*r + 198*r - 155722 = 0. What are the prime factors of r?
2, 7
Suppose -3*a + 0 + 9 = 5*m, 13 = 3*m - 2*a. Suppose -w = -m, -4*k + w = -3 + 6. Suppose 10*s - 4*s - 846 = k. What are the prime factors of s?
3, 47
Let p(w) = 2*w**3 - 11*w**2 - 49*w - 99. What are the prime factors of p(13)?
7, 257
Suppose -12*g = -40*g - 1204. Let u = -11 - g. What are the prime factors of u?
2
Let h(t) = 2935*t**2 + 162*t - 1. What are the prime factors of h(-1)?
2, 3, 7, 11
Let p(o) = 53*o**2 + 22*o - 79. Let h be 80/26 + 21/(-273). List the prime factors of p(h).
2, 29
Let